 187.
17
Let j = 4035 + -1136. Calculate the greatest common divisor of j and 13.
13
Suppose -1941 = -11*o + 2481. Suppose 51*t = 618 + o. Suppose -v - 320 = -5*v. What is the highest common divisor of v and t?
20
Let p(w) = 223*w + 5. Let o be p(-2). Let a = 591 + o. What is the greatest common divisor of 18 and a?
6
Suppose -6*q + 36 = 3*q. Let v(i) = i**3 - 3*i**2 - 4*i + 4. Let f be v(q). Suppose f*r = 2 + 14. What is the greatest common factor of 52 and r?
4
Suppose 0 = -2*a + 3*r - 12, 5*a + 0*a + 5*r - 20 = 0. Let i(w) = -w**2 + 7*w + 58. Let v be i(a). Calculate the greatest common divisor of 377 and v.
29
Let x = -30922 + 32727. Calculate the greatest common factor of 15 and x.
5
Suppose 9*v = 21*v - 2496. Suppose 4*g + 260 = -5*i, 0 = 2*i + 2*i - 5*g + v. Let d = 39 - i. What is the greatest common factor of 7 and d?
7
Suppose 217*l - 210*l = -679. Let o = l - -251. What is the greatest common factor of 28 and o?
14
Suppose 17*u = 16*u - 429. Let c = 605 + u. Suppose -109 - 45 = -7*n. What is the highest common factor of c and n?
22
Let w(g) = 2*g**3 - 28*g**2 - 11*g + 19. Let c be w(16). Calculate the highest common factor of 1887 and c.
51
Let f = 184 + -109. Let k = -9412 - -9437. Calculate the highest common divisor of k and f.
25
Let k = -17 + 20. Suppose 2*d = 8*d - 24. Suppose 0 = -d*g + g + 117. What is the greatest common divisor of k and g?
3
Let m be (14/3)/((-1)/(-6)). Let c = 225 - 158. Suppose 0 = 5*b + y - c, -4*y + 53 = 4*b - 3*y. Calculate the greatest common factor of b and m.
14
Suppose -4*u + 2*l = -115058, -u + l + 28097 + 668 = 0. What is the highest common divisor of 36 and u?
36
Suppose 3*i = -6*v + v + 36, 4*i - 3*v - 19 = 0. Let o be (i - 234/30)*-25. What is the greatest common divisor of o and 45?
5
Suppose 0 = -p - 20*z + 24*z + 170, 0 = -3*p - z + 458. Calculate the greatest common factor of p and 242.
22
Let j(x) = -94*x**3 + x**2 + 9*x + 9. Let r(m) = 2*m**3 + 15*m**2 + 14*m. Let p be r(-1). Let k be j(p). What is the highest common divisor of k and 76?
19
Let w = -66 - -138. Suppose -139 = -2*i - 3*v, i + 0*i - w = -v. Calculate the highest common divisor of 7 and i.
7
Let j be (1808/(-6))/(-8) - (-9)/27. Calculate the highest common divisor of 779 and j.
19
Let k(d) = -d**2 + 5*d - 1. Let g be k(5). Let c be ((-172 - (1 + -5)) + 0)*g. What is the highest common divisor of c and 24?
24
Let g(w) = 4*w**2 + 2*w. Let f be g(-2). Suppose -100*h = -96*h + 24. Let b = 36 + h. Calculate the greatest common divisor of b and f.
6
Let u(d) = -d**3 + 15*d**2 - 15*d + 19. Let y = 77 + -118. Let a = -27 - y. Let s be u(a). Calculate the greatest common divisor of 50 and s.
5
Suppose -4*x = -x - 15. Let s(i) = 2*i + 72*i**2 - 19*i**2 + 24 - 30*i**2 - 24*i**2. Let l be s(x). What is the highest common divisor of 2 and l?
1
Suppose b + 11 = 5*b + a, b = -5*a - 21. Suppose -u = -b - 20. Calculate the highest common divisor of 16 and u.
8
Suppose 0 = -101*z + 162*z - 8784. Calculate the highest common factor of z and 9.
9
Let d be (-6)/(3/(-2) - (-17)/10). Let g be (3/2)/(5/d*3). Let x be 4*(-1 + g + 8). Calculate the highest common divisor of 128 and x.
16
Suppose -3*b = -14 - 22. Let j(i) = 14*i + 518. Let k be j(-31). What is the highest common factor of b and k?
12
Let s be (-214)/(((-2)/6)/(8/48)). Let j(q) = 355*q - 209. Let l be j(3). Calculate the greatest common divisor of l and s.
107
Let m(s) = 4*s + 4956. Let p be m(-14). Calculate the greatest common divisor of 1764 and p.
196
Suppose 6*o = -450 - 5346. Let n = 978 + o. What is the highest common divisor of n and 366?
6
Let t(w) = w + 9. Let p be t(-5). Suppose -3*u = 5*b - p*u - 275, -2*b + 117 = u. Let n = -88 + 228. What is the greatest common divisor of b and n?
28
Suppose -3*p = -6*p + 3. Let j be -1*(3/(-1) + p). Suppose 4*g + 11 - 217 = j*h, 4*g - 3*h = 207. What is the greatest common divisor of 204 and g?
51
Let x be (0 - (-1320)/(-18))*-15. What is the highest common divisor of 352 and x?
44
Let q = 1313 - 1253. Calculate the highest common factor of q and 336.
12
Let m = -418 + 440. Calculate the highest common divisor of m and 2563.
11
Let i be 3 + -4 + (-64)/(-2). Suppose 0 = 7*l - 44 - 54. Suppose -977 = -l*q + 1193. Calculate the greatest common factor of q and i.
31
Suppose -33 = -5*w + 7. Let c(f) = 4 - 17*f - 21 - 12*f**2 + 7 - f**3. Let m be c(-11). Calculate the highest common divisor of m and w.
8
Let u(g) = 6*g**2 + 19*g + 13. Let a be u(-15). Let n(w) = 5*w**3 - 14*w**2 + 11*w - 42. Let b be n(4). What is the highest common factor of b and a?
98
Suppose -250 = -4*v - 30. Let f = 45 - 36. Suppose -6*o - 33 = -f*o. Calculate the highest common divisor of o and v.
11
Let f = -15455 - -15464. Suppose -2*h - 94 = -4*p + 48, -5*h - 58 = -p. What is the highest common factor of f and p?
3
Let x(g) = -11*g + 11. Let j be x(0). Suppose 8*q = 2*q + 996. Suppose -2*s + q = -10. What is the highest common factor of j and s?
11
Let f be ((-962)/(-52))/(-37) - (-1)/((-4)/(-62)). Calculate the greatest common factor of f and 771.
3
Let k = 650 - 629. What is the highest common factor of k and 336?
21
Suppose 17219*x = 17227*x - 3096. Calculate the greatest common factor of 45 and x.
9
Let h be (-18)/8 + 2 - 6/((-288)/4476). Calculate the greatest common factor of 2635 and h.
31
Let a = 7284 + 823. Calculate the highest common factor of 67 and a.
67
Let u(h) = 2*h**2 + 67*h - 34. Let f be u(-28). Let b = f + 349. Let r(m) = m**2 - 5*m + 1. Let q be r(5). What is the highest common factor of b and q?
1
Suppose 11*o + 16*o + 8*o - 23205 = 0. What is the greatest common factor of o and 918?
51
Suppose -31288 = -4*j + 4*w, -4*w = j - 9217 + 1385. What is the greatest common divisor of 24 and j?
24
Let y(k) = 6*k + 21. Let j be y(-3). Suppose 0*b - j*s + 22 = b, 0 = b - 4*s - 8. What is the highest common factor of b and 256?
16
Let w be (-8 - 6)*(-10 + 5). What is the highest common factor of w and 9590?
70
Suppose -1220*c = 2*z - 1217*c - 728, c + 1400 = 4*z. Calculate the greatest common divisor of 1568 and z.
32
Let w be ((80/(-8) - -10) + (-10)/8)*-4. Calculate the greatest common divisor of w and 460.
5
Let k(z) = -4*z**3 - 57*z**2 - 71*z + 28. Let d be k(-15). Calculate the greatest common divisor of 416 and d.
104
Let p(g) = -19*g + 288. Let n be p(-23). Calculate the greatest common factor of 203 and n.
29
Let x be (-25)/(-20)*(9 + (6 - 7)). Calculate the highest common divisor of x and 170.
10
Let z be ((-12)/9)/(4*(-1)/9). Suppose -s + z*l = -265, 188 = s - 2*l - 75. Calculate the greatest common divisor of 7 and s.
7
Let j be 9/((-180)/16) - 508392/(-40). Suppose -18539 - j = -31*r. What is the highest common divisor of 84 and r?
84
Let v = 158 + -86. Let p be (8/(-28))/((-2)/28). Suppose -5*k - p*x + 147 = 0, k + 4*x + 69 = 4*k. Calculate the highest common divisor of v and k.
9
Suppose 3*c = 15, 0 = 2*y + 831*c - 828*c - 463. What is the greatest common divisor of 4144 and y?
112
Let g(s) be the second derivative of s**5/20 + 7*s**4/12 + 2*s**3/3 - 3*s**2/2 + 138*s. Let j be g(-5). Calculate the highest common divisor of j and 15.
3
Let p be (-453)/39*203 + (-1)/13. Let v = p - -4010. Calculate the highest common factor of v and 14.
14
Let b(m) = -3*m**2 + 49*m - 35. Suppose 6*o - 128 = -44. Let l be b(o). Let t be 18/l + ((-2496)/(-21))/4. Calculate the greatest common factor of t and 12.
6
Let r be -3*4/(-6) + 0. Suppose -1303 = -5*q - 3*t, 6*q + 4*t = r*q + 1044. What is the highest common factor of q and 13?
13
Let v(p) = -p**3 - 8*p**2 + 29*p + 28. Let x be v(-12). Let l = x - -5. Suppose -4*u - 87 = -7*u. What is the greatest common divisor of u and l?
29
Let o be (198 - 206) + 1*745. Calculate the greatest common divisor of 67 and o.
67
Let d = -39 - -39. Let y be (d*1/4 - -1)*3. Suppose -4 = -p + y. What is the greatest common divisor of p and 1?
1
Suppose 0 = -13*y + 17*y - 3*h - 2528, -5*y + 3160 = -4*h. Calculate the greatest common divisor of 3081 and y.
79
Suppose 0 = 25*z + 17*z - 976752. What is the highest common factor of 171 and z?
171
Let g be 3 + -4 + 1194 - 7. Suppose -g + 4231 = 7*v. Calculate the greatest common factor of v and 58.
29
Let h = -22 - -22. Suppose -3*j - 6*j = h. Suppose -3*o + j = 2*c - 146, 2*o = 